{"id":926,"date":"2026-02-22T12:57:26","date_gmt":"2026-02-22T11:57:26","guid":{"rendered":"https:\/\/dziendobrywpodrozy.pl\/?page_id=926"},"modified":"2026-02-22T13:01:11","modified_gmt":"2026-02-22T12:01:11","slug":"wspolpraca-z-dzien-dobry-w-podrozy-razem-zobaczmy-swiat","status":"publish","type":"page","link":"https:\/\/dziendobrywpodrozy.pl\/?page_id=926","title":{"rendered":"Wsp\u00f3\u0142praca z nami"},"content":{"rendered":"\n<h2 class=\"wp-block-heading\">Wsp\u00f3\u0142praca z <strong>Dzie\u0144 dobry w podr\u00f3\u017cy<\/strong> \u2014 razem zobaczmy \u015bwiat! \ud83c\udf0d<\/h2>\n\n\n\n<p>Cze\u015b\u0107! <br>Z tej strony ekipa <strong>Dzie\u0144 dobry w podr\u00f3\u017cy<\/strong>, rodzina kochaj\u0105ca przygody, z dobr\u0105 energi\u0105 i z jednym celem, inspirowa\u0107 do odkrywania \u015bwiata, niezale\u017cnie od bud\u017cetu czy \u015brodka transportu. Bo odkrywanie zaczyna sie od wyj\u015bcia z domu. Podr\u00f3\u017cujemy z pasj\u0105, dokumentujemy nasze do\u015bwiadczenia i dzielimy si\u0119 nimi z Wami na naszych kana\u0142ach: <\/p>\n\n\n\n<p><strong>Instagram:<\/strong><em> <\/em><a href=\"https:\/\/www.instagram.com\/dzien_dobry_w_podrozy\/\" type=\"link\" id=\"https:\/\/www.instagram.com\/dzien_dobry_w_podrozy\/\">https:\/\/www.instagram.com\/dzien_dobry_w_podrozy\/<\/a><br><strong>Facebook:<\/strong> <a href=\"https:\/\/www.facebook.com\/dziendobrywpodrozy\/\" type=\"link\" id=\"https:\/\/www.facebook.com\/dziendobrywpodrozy\/\">https:\/\/www.facebook.com\/dziendobrywpodrozy\/<\/a><\/p>\n\n\n\n<p><strong>Youtube: <\/strong><a href=\"https:\/\/www.youtube.com\/@dzien_dobry_w_podrozy\" type=\"link\" id=\"https:\/\/www.youtube.com\/@dzien_dobry_w_podrozy\">https:\/\/www.youtube.com\/@dzien_dobry_w_podrozy<\/a><\/p>\n\n\n\n<p><strong>Blog<\/strong>: <a href=\"https:\/\/dziendobrywpodrozy.pl\/\" type=\"link\" id=\"https:\/\/dziendobrywpodrozy.pl\/\">https:\/\/dziendobrywpodrozy.pl\/<\/a><\/p>\n\n\n\n<p>Dzi\u0119ki r\u00f3\u017cnorodno\u015bci form \u2014 od dynamicznych film\u00f3w, przez pi\u0119kne zdj\u0119cia, a\u017c po praktyczne teksty \u2014 tworzymy tre\u015bci, kt\u00f3re anga\u017cuj\u0105 i inspiruj\u0105.<\/p>\n\n\n\n<hr class=\"wp-block-separator has-alpha-channel-opacity\"\/>\n\n\n\n<h2 class=\"wp-block-heading\">Szukamy partner\u00f3w do wsp\u00f3\u0142pracy<\/h2>\n\n\n\n<p>Jeste\u015bmy otwarci na r\u00f3\u017cne formy wsp\u00f3\u0142pracy, w tym:<\/p>\n\n\n\n<h3 class=\"wp-block-heading\">\ud83d\udccd 1. Wsp\u00f3lne projekty podr\u00f3\u017cnicze<\/h3>\n\n\n\n<p>Chcesz pokaza\u0107 sw\u00f3j produkt lub us\u0142ug\u0119 w autentycznej podr\u00f3\u017cniczej opowie\u015bci?<br>Tworzymy tre\u015bci, kt\u00f3re \u0142\u0105cz\u0105 do\u015bwiadczenie z korzy\u015bci\u0105 dla widza i partnera.<\/p>\n\n\n\n<h3 class=\"wp-block-heading\">\ud83d\udccd 2. Content marketing<\/h3>\n\n\n\n<p>Od wpis\u00f3w sponsorowanych po dedykowane serie video \u2014 dostarczymy materia\u0142y, kt\u00f3re trafiaj\u0105 w gusta spo\u0142eczno\u015bci.<\/p>\n\n\n\n<h3 class=\"wp-block-heading\">\ud83d\udccd 3. Produkty i us\u0142ugi podr\u00f3\u017cnicze<\/h3>\n\n\n\n<p>Testy, recenzje, relacje z u\u017cywania w terenie \u2014 prezentujemy to, co naprawd\u0119 dzia\u0142a.<\/p>\n\n\n\n<h3 class=\"wp-block-heading\">\ud83d\udccd 4. Eventy i kampanie offline\/online<\/h3>\n\n\n\n<p>Chcesz dotrze\u0107 z ofert\u0105 do aktywnych podr\u00f3\u017cnik\u00f3w? Razem zorganizujemy wydarzenie lub kampani\u0119, kt\u00f3ra wzbudzi zainteresowanie. <\/p>\n\n\n\n<h3 class=\"wp-block-heading\">\ud83d\udccd 5. Sesje Fotograficzne obiekt\u00f3w noclegowych, kemping\u00f3w itp.<\/h3>\n\n\n\n<p>zdj\u0119cia pokoi, apartament\u00f3w, wsp\u00f3lnych przestrzeni (recepcji, restauracji, spa, itp.), szczeg\u00f3\u0142owe uj\u0119cia dekoracji i wyposa\u017cenia, uchwycenie atmosfery i klimatu obiektu, profesjonalne zdj\u0119cia da\u0144 serwowanych w restauracji hotelowej, uj\u0119cia bufetu \u015bniadaniowego, kawiarenki czy baru, zdj\u0119cia budynk\u00f3w, ogrod\u00f3w, basen\u00f3w i innych teren\u00f3w zewn\u0119trznych, uchwycenie atrakcyjnych element\u00f3w otoczenia.<\/p>\n\n\n\n<p>Chcesz dotrze\u0107 z ofert\u0105 do aktywnych podr\u00f3\u017cnik\u00f3w? Razem zorganizujemy wydarzenie lub kampani\u0119, kt\u00f3ra wzbudzi zainteresowanie.<\/p>\n\n\n\n<hr class=\"wp-block-separator has-alpha-channel-opacity\"\/>\n\n\n\n<h2 class=\"wp-block-heading\">Dlaczego warto z nami wsp\u00f3\u0142pracowa\u0107<\/h2>\n\n\n\n<p><strong>Autentyczno\u015b\u0107<\/strong> \u2014 tworzymy tre\u015bci, kt\u00f3re powstaj\u0105 z serca i do\u015bwiadczenia.<br><strong>Zaanga\u017cowana spo\u0142eczno\u015b\u0107<\/strong> \u2014 obserwuj\u0105 nas ludzie ciekawi \u015bwiata, gotowi odkrywa\u0107 nowe miejsca i produkty.<br><strong>Kreatywno\u015b\u0107 i profesjonalizm<\/strong> \u2014 dbamy o jako\u015b\u0107 zdj\u0119\u0107, film\u00f3w i tekst\u00f3w.<\/p>\n\n\n\n<hr class=\"wp-block-separator has-alpha-channel-opacity\"\/>\n\n\n\n<h2 class=\"wp-block-heading\">Napisz do nas<\/h2>\n\n\n\n<p>Je\u015bli chcesz porozmawia\u0107 o wsp\u00f3\u0142pracy \u2014 napisz lub zadzwo\u0144<\/p>\n\n\n\n<p>\ud83d\udcf1 +48 721025213<br>\ud83d\udce7 dziendobrywpodrozy@gmail.com<br>\ud83d\udcac Mo\u017cesz te\u017c wys\u0142a\u0107 wiadomo\u015b\u0107 przez nasze social media, linki s\u0105 powy\u017cej.<\/p>\n\n\n\n<p>B\u0105d\u017amy inspiracj\u0105!<\/p>\n\n\n\n<p><\/p>\n","protected":false},"excerpt":{"rendered":"<p>Wsp\u00f3\u0142praca z Dzie\u0144 dobry w podr\u00f3\u017cy \u2014 razem zobaczmy \u015bwiat! \ud83c\udf0d Cze\u015b\u0107! Z tej strony ekipa Dzie\u0144 dobry w podr\u00f3\u017cy, rodzina kochaj\u0105ca przygody, z dobr\u0105 energi\u0105 i z jednym celem, inspirowa\u0107 do odkrywania \u015bwiata, niezale\u017cnie od bud\u017cetu czy \u015brodka transportu. Bo odkrywanie zaczyna sie od wyj\u015bcia z domu. Podr\u00f3\u017cujemy z pasj\u0105, dokumentujemy nasze do\u015bwiadczenia i [&hellip;]<\/p>\n","protected":false},"author":2,"featured_media":0,"parent":0,"menu_order":0,"comment_status":"closed","ping_status":"closed","template":"","meta":{"footnotes":""},"class_list":["post-926","page","type-page","status-publish","hentry","eq-blocks"],"yoast_head":"<!-- This site is optimized with the Yoast SEO plugin v27.3 - https:\/\/yoast.com\/product\/yoast-seo-wordpress\/ -->\n<title>Wsp\u00f3\u0142praca z nami - www.dziendobrywpodrozy.pl<\/title>\n<meta name=\"robots\" content=\"index, follow, max-snippet:-1, max-image-preview:large, max-video-preview:-1\" \/>\n<link rel=\"canonical\" href=\"https:\/\/dziendobrywpodrozy.pl\/?page_id=926\" \/>\n<meta property=\"og:locale\" content=\"pl_PL\" \/>\n<meta property=\"og:type\" content=\"article\" \/>\n<meta property=\"og:title\" content=\"Wsp\u00f3\u0142praca z nami - www.dziendobrywpodrozy.pl\" \/>\n<meta property=\"og:description\" content=\"Wsp\u00f3\u0142praca z Dzie\u0144 dobry w podr\u00f3\u017cy \u2014 razem zobaczmy \u015bwiat! \ud83c\udf0d Cze\u015b\u0107! Z tej strony ekipa Dzie\u0144 dobry w podr\u00f3\u017cy, rodzina kochaj\u0105ca przygody, z dobr\u0105 energi\u0105 i z jednym celem, inspirowa\u0107 do odkrywania \u015bwiata, niezale\u017cnie od bud\u017cetu czy \u015brodka transportu. Bo odkrywanie zaczyna sie od wyj\u015bcia z domu. Podr\u00f3\u017cujemy z pasj\u0105, dokumentujemy nasze do\u015bwiadczenia i [&hellip;]\" \/>\n<meta property=\"og:url\" content=\"https:\/\/dziendobrywpodrozy.pl\/?page_id=926\" \/>\n<meta property=\"og:site_name\" content=\"www.dziendobrywpodrozy.pl\" \/>\n<meta property=\"article:modified_time\" content=\"2026-02-22T12:01:11+00:00\" \/>\n<meta name=\"twitter:card\" content=\"summary_large_image\" \/>\n<meta name=\"twitter:label1\" content=\"Szacowany czas czytania\" \/>\n\t<meta name=\"twitter:data1\" content=\"2 minuty\" \/>\n<script type=\"application\/ld+json\" class=\"yoast-schema-graph\">{\"@context\":\"https:\\\/\\\/schema.org\",\"@graph\":[{\"@type\":\"WebPage\",\"@id\":\"https:\\\/\\\/dziendobrywpodrozy.pl\\\/?page_id=926\",\"url\":\"https:\\\/\\\/dziendobrywpodrozy.pl\\\/?page_id=926\",\"name\":\"Wsp\u00f3\u0142praca z nami - www.dziendobrywpodrozy.pl\",\"isPartOf\":{\"@id\":\"https:\\\/\\\/dziendobrywpodrozy.pl\\\/#website\"},\"datePublished\":\"2026-02-22T11:57:26+00:00\",\"dateModified\":\"2026-02-22T12:01:11+00:00\",\"breadcrumb\":{\"@id\":\"https:\\\/\\\/dziendobrywpodrozy.pl\\\/?page_id=926#breadcrumb\"},\"inLanguage\":\"pl-PL\",\"potentialAction\":[{\"@type\":\"ReadAction\",\"target\":[\"https:\\\/\\\/dziendobrywpodrozy.pl\\\/?page_id=926\"]}]},{\"@type\":\"BreadcrumbList\",\"@id\":\"https:\\\/\\\/dziendobrywpodrozy.pl\\\/?page_id=926#breadcrumb\",\"itemListElement\":[{\"@type\":\"ListItem\",\"position\":1,\"name\":\"Home\",\"item\":\"https:\\\/\\\/dziendobrywpodrozy.pl\\\/\"},{\"@type\":\"ListItem\",\"position\":2,\"name\":\"Wsp\u00f3\u0142praca z nami\"}]},{\"@type\":\"WebSite\",\"@id\":\"https:\\\/\\\/dziendobrywpodrozy.pl\\\/#website\",\"url\":\"https:\\\/\\\/dziendobrywpodrozy.pl\\\/\",\"name\":\"www.dziendobrywpodrozy.pl\",\"description\":\"Podr\u00f3\u017ce splecione z codzienno\u015bci\u0105.\",\"publisher\":{\"@id\":\"https:\\\/\\\/dziendobrywpodrozy.pl\\\/#\\\/schema\\\/person\\\/42e0c7543f1d07bb7ddbe4acf2760373\"},\"potentialAction\":[{\"@type\":\"SearchAction\",\"target\":{\"@type\":\"EntryPoint\",\"urlTemplate\":\"https:\\\/\\\/dziendobrywpodrozy.pl\\\/?s={search_term_string}\"},\"query-input\":{\"@type\":\"PropertyValueSpecification\",\"valueRequired\":true,\"valueName\":\"search_term_string\"}}],\"inLanguage\":\"pl-PL\"},{\"@type\":[\"Person\",\"Organization\"],\"@id\":\"https:\\\/\\\/dziendobrywpodrozy.pl\\\/#\\\/schema\\\/person\\\/42e0c7543f1d07bb7ddbe4acf2760373\",\"name\":\"dzien_dobry_w_podrozy\",\"image\":{\"@type\":\"ImageObject\",\"inLanguage\":\"pl-PL\",\"@id\":\"https:\\\/\\\/dziendobrywpodrozy.pl\\\/wp-content\\\/uploads\\\/2024\\\/08\\\/dji_0732-2-scaled.jpg\",\"url\":\"https:\\\/\\\/dziendobrywpodrozy.pl\\\/wp-content\\\/uploads\\\/2024\\\/08\\\/dji_0732-2-scaled.jpg\",\"contentUrl\":\"https:\\\/\\\/dziendobrywpodrozy.pl\\\/wp-content\\\/uploads\\\/2024\\\/08\\\/dji_0732-2-scaled.jpg\",\"width\":2560,\"height\":1874,\"caption\":\"dzien_dobry_w_podrozy\"},\"logo\":{\"@id\":\"https:\\\/\\\/dziendobrywpodrozy.pl\\\/wp-content\\\/uploads\\\/2024\\\/08\\\/dji_0732-2-scaled.jpg\"},\"sameAs\":[\"http:\\\/\\\/dziendobrywpodrozy.pl\"]}]}<\/script>\n<!-- \/ Yoast SEO plugin. -->","yoast_head_json":{"title":"Wsp\u00f3\u0142praca z nami - www.dziendobrywpodrozy.pl","robots":{"index":"index","follow":"follow","max-snippet":"max-snippet:-1","max-image-preview":"max-image-preview:large","max-video-preview":"max-video-preview:-1"},"canonical":"https:\/\/dziendobrywpodrozy.pl\/?page_id=926","og_locale":"pl_PL","og_type":"article","og_title":"Wsp\u00f3\u0142praca z nami - www.dziendobrywpodrozy.pl","og_description":"Wsp\u00f3\u0142praca z Dzie\u0144 dobry w podr\u00f3\u017cy \u2014 razem zobaczmy \u015bwiat! \ud83c\udf0d Cze\u015b\u0107! Z tej strony ekipa Dzie\u0144 dobry w podr\u00f3\u017cy, rodzina kochaj\u0105ca przygody, z dobr\u0105 energi\u0105 i z jednym celem, inspirowa\u0107 do odkrywania \u015bwiata, niezale\u017cnie od bud\u017cetu czy \u015brodka transportu. Bo odkrywanie zaczyna sie od wyj\u015bcia z domu. Podr\u00f3\u017cujemy z pasj\u0105, dokumentujemy nasze do\u015bwiadczenia i [&hellip;]","og_url":"https:\/\/dziendobrywpodrozy.pl\/?page_id=926","og_site_name":"www.dziendobrywpodrozy.pl","article_modified_time":"2026-02-22T12:01:11+00:00","twitter_card":"summary_large_image","twitter_misc":{"Szacowany czas czytania":"2 minuty"},"schema":{"@context":"https:\/\/schema.org","@graph":[{"@type":"WebPage","@id":"https:\/\/dziendobrywpodrozy.pl\/?page_id=926","url":"https:\/\/dziendobrywpodrozy.pl\/?page_id=926","name":"Wsp\u00f3\u0142praca z nami - www.dziendobrywpodrozy.pl","isPartOf":{"@id":"https:\/\/dziendobrywpodrozy.pl\/#website"},"datePublished":"2026-02-22T11:57:26+00:00","dateModified":"2026-02-22T12:01:11+00:00","breadcrumb":{"@id":"https:\/\/dziendobrywpodrozy.pl\/?page_id=926#breadcrumb"},"inLanguage":"pl-PL","potentialAction":[{"@type":"ReadAction","target":["https:\/\/dziendobrywpodrozy.pl\/?page_id=926"]}]},{"@type":"BreadcrumbList","@id":"https:\/\/dziendobrywpodrozy.pl\/?page_id=926#breadcrumb","itemListElement":[{"@type":"ListItem","position":1,"name":"Home","item":"https:\/\/dziendobrywpodrozy.pl\/"},{"@type":"ListItem","position":2,"name":"Wsp\u00f3\u0142praca z nami"}]},{"@type":"WebSite","@id":"https:\/\/dziendobrywpodrozy.pl\/#website","url":"https:\/\/dziendobrywpodrozy.pl\/","name":"www.dziendobrywpodrozy.pl","description":"Podr\u00f3\u017ce splecione z codzienno\u015bci\u0105.","publisher":{"@id":"https:\/\/dziendobrywpodrozy.pl\/#\/schema\/person\/42e0c7543f1d07bb7ddbe4acf2760373"},"potentialAction":[{"@type":"SearchAction","target":{"@type":"EntryPoint","urlTemplate":"https:\/\/dziendobrywpodrozy.pl\/?s={search_term_string}"},"query-input":{"@type":"PropertyValueSpecification","valueRequired":true,"valueName":"search_term_string"}}],"inLanguage":"pl-PL"},{"@type":["Person","Organization"],"@id":"https:\/\/dziendobrywpodrozy.pl\/#\/schema\/person\/42e0c7543f1d07bb7ddbe4acf2760373","name":"dzien_dobry_w_podrozy","image":{"@type":"ImageObject","inLanguage":"pl-PL","@id":"https:\/\/dziendobrywpodrozy.pl\/wp-content\/uploads\/2024\/08\/dji_0732-2-scaled.jpg","url":"https:\/\/dziendobrywpodrozy.pl\/wp-content\/uploads\/2024\/08\/dji_0732-2-scaled.jpg","contentUrl":"https:\/\/dziendobrywpodrozy.pl\/wp-content\/uploads\/2024\/08\/dji_0732-2-scaled.jpg","width":2560,"height":1874,"caption":"dzien_dobry_w_podrozy"},"logo":{"@id":"https:\/\/dziendobrywpodrozy.pl\/wp-content\/uploads\/2024\/08\/dji_0732-2-scaled.jpg"},"sameAs":["http:\/\/dziendobrywpodrozy.pl"]}]}},"_links":{"self":[{"href":"https:\/\/dziendobrywpodrozy.pl\/index.php?rest_route=\/wp\/v2\/pages\/926","targetHints":{"allow":["GET"]}}],"collection":[{"href":"https:\/\/dziendobrywpodrozy.pl\/index.php?rest_route=\/wp\/v2\/pages"}],"about":[{"href":"https:\/\/dziendobrywpodrozy.pl\/index.php?rest_route=\/wp\/v2\/types\/page"}],"author":[{"embeddable":true,"href":"https:\/\/dziendobrywpodrozy.pl\/index.php?rest_route=\/wp\/v2\/users\/2"}],"replies":[{"embeddable":true,"href":"https:\/\/dziendobrywpodrozy.pl\/index.php?rest_route=%2Fwp%2Fv2%2Fcomments&post=926"}],"version-history":[{"count":3,"href":"https:\/\/dziendobrywpodrozy.pl\/index.php?rest_route=\/wp\/v2\/pages\/926\/revisions"}],"predecessor-version":[{"id":929,"href":"https:\/\/dziendobrywpodrozy.pl\/index.php?rest_route=\/wp\/v2\/pages\/926\/revisions\/929"}],"wp:attachment":[{"href":"https:\/\/dziendobrywpodrozy.pl\/index.php?rest_route=%2Fwp%2Fv2%2Fmedia&parent=926"}],"curies":[{"name":"wp","href":"https:\/\/api.w.org\/{rel}","templated":true}]}}